v(q) = 36*q + 3. Let m = -15 + 12. Let x be v(m). List the prime factors of (-16)/20*x/6.
2, 7
Let u(d) = 1840*d**2 - 13*d + 6. What are the prime factors of u(1)?
3, 13, 47
Let h(g) = -825*g + 2. Let y be h(-2). Suppose -s + 2*p + y = -2216, 4*p + 3864 = s. What are the prime factors of s/48 - 4/6?
2, 5
Suppose -3*u = 2*v + 61, -5*u + 5 = -3*v - 39. Suppose -4*p = 0, -4*h + p = -0*p - 144. Let g = h + v. List the prime factors of g.
13
Suppose w = -2*q - 1268, 2*q + 1256 = -0*q + 5*w. Let t be q/(-6) + 2/(-4). Suppose -3*u + t = -0*u. List the prime factors of u.
5, 7
Suppose 6*u - 5*u - 4 = 0. Suppose h + 4*h - 301 = -4*s, 67 = s + u*h. List the prime factors of s.
79
Suppose 1331*d = 1326*d + 4105. List the prime factors of d.
821
Let b = -131 - -136. Suppose x = 3*c - 785, b*x + 106 = c - 151. What are the prime factors of c?
2, 131
Suppose 2*j - 2196 = -4*k + 4326, 0 = -k + 3*j + 1641. List the prime factors of k.
2, 3, 17
Suppose 2*w = 4*p - 16, 0 = -3*w + 5*p - p - 30. What are the prime factors of w + 16 + 1 + 0?
3
Let c(z) = -23*z + 2. Let u be (-1)/(-1) + (-20)/10. What are the prime factors of c(u)?
5
Suppose 10*j - 5*j = 0. List the prime factors of (-2 - j) + 64 + 23.
5, 17
Let d(w) = 14*w**3 + 2*w**2. Let a be d(2). Suppose -5*r = -n + 36, a = -0*n + 5*n - 5*r. What are the prime factors of n?
3, 7
Let d = -31 + 36. What are the prime factors of -1 + -5 + 188 + d?
11, 17
Let d = 461 - -1286. List the prime factors of d.
1747
Suppose 2*d - 34 - 6 = -3*v, -2*v + 10 = -2*d. Let z(j) = -4*j + 2*j + j - 2 + v. List the prime factors of z(4).
2
Suppose 0 = 5*h + m - 15, -5*h + 35 = -0*h + 5*m. Suppose 7 = -3*k + 4*b, -h*b - 32 = 2*k - 4. What are the prime factors of (-24)/k*7*3?
2, 7
Let c(a) = 4*a**2 + 9*a - 4. List the prime factors of c(14).
2, 3, 151
Suppose -10 = -3*c - 22, 0 = 4*u - c - 1812. What are the prime factors of u?
2, 113
Let l(g) = 4*g - 7. Let u be l(3). Suppose 3*w = 3*m + 3, u*w + 2 - 1 = -m. Let q = m + 24. List the prime factors of q.
23
Suppose 2*d + 1218 = 5*d. List the prime factors of d.
2, 7, 29
Suppose -4*x = -3*q + 2372, 3*x - 4 - 8 = 0. List the prime factors of q.
2, 199
Suppose 0 = -2*q + l + 154, -18 = -q - l + 65. List the prime factors of q.
79
Suppose 2*h + 168 = -4*h. Let w = h - -129. List the prime factors of w.
101
Suppose 7*g - 638 = 685. What are the prime factors of g?
3, 7
Let l = -30 - -62. Let t be -6*-2*(-1)/(-4). Suppose 0*c - 4*c + 2*x = -l, t*c = 2*x + 24. What are the prime factors of c?
2
Suppose 6*b - 398 = 3*b + 2*p, 0 = -3*b + 4*p + 406. Let g = 216 - b. List the prime factors of g.
2, 43
Suppose -5*o - 2 = -12, 0 = -2*t - o + 18. Let x(g) = -2*g**3 + 18*g**2 + 17. What are the prime factors of x(t)?
5, 29
Let i = -120 - -210. What are the prime factors of i?
2, 3, 5
Let p be -1*16/20*15. Let x = -14 - p. List the prime factors of (-30)/(-20) + (-127)/x.
5, 13
Let b = -4 + 3. Let t(o) = 1. Let s(d) = 4*d + 16. Let w(n) = b*s(n) + t(n). List the prime factors of w(-10).
5
Suppose -1481 - 218 = -x + 3*p, 3*x - 3*p = 5073. What are the prime factors of x?
7, 241
Suppose 17*x + 4*f + 229 = 18*x, -3*f = 2*x - 491. What are the prime factors of x?
241
Suppose -4752 = 30*a - 41*a. List the prime factors of a.
2, 3
Suppose 0 = 5*f - 3*f - 454. What are the prime factors of 81/(-27) + 1*f?
2, 7
Let n(r) = r**2 - r - 12. Let h(i) = -i**2 + 6*i. Let v be h(6). Let f be n(v). Let a = f + 22. List the prime factors of a.
2, 5
Suppose -7*n + 2*n + 2941 = -3*z, -1195 = -2*n - 5*z. What are the prime factors of n?
2, 5, 59
Suppose 2*j - 3*z = -6*z + 24, 0 = -5*j - 2*z + 38. Let o = -5 + j. Let h(i) = 11*i + 1. List the prime factors of h(o).
2, 3
Suppose 64 = 6*b - 2*b. Let p = 15 - b. Let s(g) = -47*g + 2. List the prime factors of s(p).
7
Let o be 9/6 + (-3595)/(-10). Suppose -1169 - o = -9*t. What are the prime factors of t?
2, 5, 17
Let o(q) be the third derivative of 17*q**4/24 + 9*q**2. Let t = -1 + 2. List the prime factors of o(t).
17
List the prime factors of ((-18)/(-4))/(-9) + (-7668)/(-24).
11, 29
Let z(v) = 5*v**3 - 12*v**2 + 3*v - 35. Let c(m) = -4*m**3 + 12*m**2 - 2*m + 34. Let d(g) = -6*c(g) - 5*z(g). What are the prime factors of d(-12)?
7
Suppose 2*s = -2*s. Suppose 4*m - 36 = 5*t, 2*t - 6 - 2 = s. What are the prime factors of m?
2, 7
Suppose -66700 = -25*a + 5*a. List the prime factors of a.
5, 23, 29
Let a = 79 - 17. Let y = a - 36. Let s = 45 - y. What are the prime factors of s?
19
Let k(m) = -94*m + 787. List the prime factors of k(-37).
5, 853
What are the prime factors of (-16470)/(-18 - -3) + -2 + -2?
2, 547
Let a(c) = -56*c + 1. Suppose 1 = -6*t + 7*t. Let z be t*-3 + (-7 - -9). List the prime factors of a(z).
3, 19
Let i(b) = -7*b**3 - 5*b**2 - 13*b - 5. What are the prime factors of i(-4)?
5, 83
Let r(q) = -q**3 + 4*q**2 + 8*q + 4. Let s be r(-5). Let o be ((-15)/(-45))/(1/s). Suppose n = 5*h - 209, -58 = -3*h + 5*n + o. List the prime factors of h.
2, 3, 7
Let x = 155 + 72. Suppose 5*l - x - 118 = 0. What are the prime factors of l?
3, 23
Suppose -32341 - 18171 = -22*o. What are the prime factors of o?
2, 7, 41
Suppose 14*h - 60176 = -312. What are the prime factors of h?
2, 1069
Let i = 1498 + -654. List the prime factors of i.
2, 211
Let l(y) = 1 + 6 + 5 - 13 + 14*y. Let z be l(1). Suppose 4*p + z = 33. What are the prime factors of p?
5
Suppose 5*c = 2*v + 9045, 8*v - 822 = -c + 987. What are the prime factors of c?
3, 67
Let m be ((-440)/(-24))/((-1)/3). Let r be 6/(-21) - 2295/(-21). Let g = r + m. What are the prime factors of g?
2, 3
Let w(q) = q**2 + 5*q + 3. Let g be w(-5). Suppose -g*y = -y. Suppose 11*v - 8*v - 57 = y. What are the prime factors of v?
19
Suppose -p + 2*p = 3. Suppose -3*i + 3 + 3 = 3*s, 8 = p*i + 2*s. Suppose 3*w = m + i*w - 24, -3*m + 90 = -3*w. List the prime factors of m.
3
Suppose -4*h + 88 + 2 = b, 0 = 2*b + h - 194. Suppose -2*l = 2*i - b, 3*l = -4*i + 20 + 181. What are the prime factors of i?
2, 3
Let q = -173 - -250. Suppose 0 = 3*z - q - 235. List the prime factors of z.
2, 13
Let b = -5 + 0. Let u(f) = f**3 + 7*f**2 + 4*f + 4. Let z be u(b). Suppose -p - p + z = 0. List the prime factors of p.
17
Suppose -s = -3*s - 5*v + 3418, -2*v = -4*s + 6788. What are the prime factors of s?
1699
Let l(i) = 17*i**2 + i. Let a(x) = -x**2 + 11*x - 9. Let k be a(8). Let r = k + -16. List the prime factors of l(r).
2
Let w(y) = -y**3 - 9*y**2 - 24*y + 19. What are the prime factors of w(-6)?
5, 11
Suppose -150*w + 145*w + 1220 = 0. Let j = w - 152. List the prime factors of j.
2, 23
Let x = 741 + -488. What are the prime factors of x?
11, 23
Suppose -2 = 4*l - 114. Suppose o + o = l. Suppose -3*q + q = -o. List the prime factors of q.
7
Let s(f) = 6*f - 3*f**2 + 4*f**2 + f**2. Suppose 5*m - 5 = 0, -102*c + m = -98*c + 29. What are the prime factors of s(c)?
2, 7
Let n be ((-104)/5)/(2/(-5)). Suppose 3*m = -h + n, -2*h = -5*m + 2*h + 81. What are the prime factors of m?
17
Suppose -8*s = -3*s - 25. Suppose -4*a = 3*d - 39, -2*d - s = -5*a + 3*d. What are the prime factors of (-275)/(-15) + a/9?
19
Let o = 27 + -14. Let g = o - -20. List the prime factors of g.
3, 11
Let n be 6/(-21) - (-46)/14. Suppose -37 = -n*k - 4. What are the prime factors of k?
11
Let z(c) = c**2 + 6*c - 5. Let r be 2 + 4*(-2 - 0). Let o be z(r). List the prime factors of 60/o*(-1)/3.
2
Let q(d) = d - 1. Let j be q(1). Suppose j = o + 2*o - r - 247, r = -4. What are the prime factors of o?
3
List the prime factors of (-4)/(-22) + (-296667)/(-561).
23
Let t(p) = -8*p**2 - 3*p + 3. Let h be t(-4). What are the prime factors of ((-6)/6)/(1/h) - 1?
2, 7
Let i(x) be the second derivative of -x**5/20 + 11*x**4/6 - 5*x**3/2 - 12*x**2 + 15*x. List the prime factors of i(21).
2, 3, 17
Let j(f) = 61*f - 2. Let t be j(3). Let n = 92 + -63. Suppose -n - t = -5*x. List the prime factors of x.
2, 3, 7
Suppose 1049 = j - 2*w, -22*j + 23*j - 1054 = -3*w. List the prime factors of j.
1051
Let r = 3 - 2. Let d be (-232)/(1 + -3) - r. Suppose -3*j - 25 = -d. List the prime factors of j.
2, 3, 5
Let s be 6/(-7)*(1 - 15). Let i be 20/s - (-3)/9. Suppose 35 = i*n - 3. List the prime factors of n.
19
Suppose 2*m - 14 = -4*l - 0, -m = 5*l - 13. Suppose -20 = -4*j + 2*p, -2*j = -l*p - p - 6.